{"id":1569,"date":"2014-11-04T11:07:05","date_gmt":"2014-11-04T10:07:05","guid":{"rendered":"http:\/\/www.legatrain.de\/akad\/?page_id=1569"},"modified":"2023-04-20T13:14:39","modified_gmt":"2023-04-20T12:14:39","slug":"anmeldung-und-kosten-bvl-ausbildung","status":"publish","type":"page","link":"https:\/\/www.legatrain.de\/akad\/anmeldung-und-kosten-bvl-ausbildung\/","title":{"rendered":"Anmeldung und Kosten"},"content":{"rendered":"<p>Falls Sie sich f\u00fcr die berufsbegleitende Ausbildung anmelden m\u00f6chten, schreiben Sie uns am besten <a title=\"Kontakt\" href=\"http:\/\/www.legatrain.de\/akad\/kontakt\/\">eine e-Mail<\/a>. Wir schicken Ihnen umgehend den Ausbildungsvertrag sowie die Pr\u00fcfungsordnung zu. Um zu \u00fcberpr\u00fcfen, ob Sie die <strong>Abschl\u00fcsse nach BVL<\/strong> erwerben k\u00f6nnen, ben\u00f6tigen wir Ihren Lebenslauf und die Kopien der relevanten Zeugnisse.<\/p>\n<h3>Kosten der einzelnen Abschl\u00fcsse<\/h3>\n<table width=\"755\" cellspacing=\"0\" cellpadding=\"9\">\n<colgroup>\n<col width=\"311\" \/>\n<col width=\"124\" \/>\n<col width=\"136\" \/>\n<col width=\"111\" \/> <\/colgroup>\n<tbody>\n<tr>\n<td width=\"311\"><span style=\"font-family: 'Liberation Serif', serif;\"><b><span style=\"font-family: Calibri, serif;\">Angestrebter Abschluss<\/span><\/b><\/span><\/td>\n<td width=\"124\">\n<p align=\"center\"><span style=\"font-family: 'Liberation Serif', serif;\"><b><span style=\"font-family: Calibri, serif;\">Kosten<\/span><\/b><\/span><\/p>\n<\/td>\n<td width=\"136\">\n<p align=\"center\"><span style=\"font-family: 'Liberation Serif', serif;\"><b><span style=\"font-family: Calibri, serif;\">Pr\u00fcfungsgeb\u00fchr<\/span><\/b><\/span><\/p>\n<\/td>\n<td width=\"111\">\n<p align=\"center\"><span style=\"font-family: 'Liberation Serif', serif;\"><b><span style=\"font-family: Calibri, serif;\">Gesamt<\/span><\/b><\/span><\/p>\n<\/td>\n<\/tr>\n<tr>\n<td width=\"311\"><span style=\"font-family: 'Liberation Serif', serif;\"><span style=\"font-family: Calibri, serif;\">Legasthenietherapeut<\/span><\/span><\/td>\n<td width=\"124\">\n<p align=\"center\"><span style=\"font-family: 'Liberation Serif', serif;\"><span style=\"font-family: Calibri, serif;\">3550<\/span><\/span><\/p>\n<\/td>\n<td width=\"136\">\n<p align=\"center\"><span style=\"font-family: 'Liberation Serif', serif;\"><span style=\"font-family: Calibri, serif;\">300<\/span><\/span><\/p>\n<\/td>\n<td width=\"111\">\n<p align=\"center\"><span style=\"font-family: 'Liberation Serif', serif;\"><span style=\"font-family: Calibri, serif;\">3850<\/span><\/span><\/p>\n<\/td>\n<\/tr>\n<tr>\n<td width=\"311\"><span style=\"font-family: 'Liberation Serif', serif;\"><span style=\"font-family: Calibri, serif;\">Dyskalkulietherapeut*<\/span><\/span><\/td>\n<td width=\"124\">\n<p align=\"center\"><span style=\"font-family: 'Liberation Serif', serif;\"><span style=\"font-family: Calibri, serif;\">3300<\/span><\/span><\/p>\n<\/td>\n<td width=\"136\">\n<p align=\"center\"><span style=\"font-family: 'Liberation Serif', serif;\"><span style=\"font-family: Calibri, serif;\">300<\/span><\/span><\/p>\n<\/td>\n<td width=\"111\">\n<p align=\"center\"><span style=\"font-family: 'Liberation Serif', serif;\"><span style=\"font-family: Calibri, serif;\">3600<\/span><\/span><\/p>\n<\/td>\n<\/tr>\n<tr>\n<td width=\"311\"><span style=\"font-family: 'Liberation Serif', serif;\"><span style=\"font-family: Calibri, serif;\">Legasthenie- und Dyskalkulietherapeut<\/span><\/span><\/td>\n<td width=\"124\">\n<p align=\"center\"><span style=\"font-family: 'Liberation Serif', serif;\"><span style=\"font-family: Calibri, serif;\">5450<\/span><\/span><\/p>\n<\/td>\n<td width=\"136\">\n<p align=\"center\"><span style=\"font-family: 'Liberation Serif', serif;\"><span style=\"font-family: Calibri, serif;\">300<\/span><\/span><\/p>\n<\/td>\n<td width=\"111\">\n<p align=\"center\"><span style=\"font-family: 'Liberation Serif', serif;\"><span style=\"font-family: Calibri, serif;\">5750<\/span><\/span><\/p>\n<\/td>\n<\/tr>\n<\/tbody>\n<\/table>\n<p>* Wer bereits Dyslexietherapeut ist und die Zusatzqualifikation Dyskalkulietherapeut erwerben m\u00f6chte, kann sich gerne melden, dann sprechen wir individuell Module und Kosten ab.<br \/>\n\u2192 eine Ratenzahlung in 10 monatlichen Raten ist m\u00f6glich!<\/p>\n<h3>Rabattm\u00f6glichkeiten<\/h3>\n<ol>\n<li>Bei einer Anmeldung innerhalb des ersten halben Jahres nach dem Erhalt Ihres Bachelor-Abschlusses gew\u00e4hren wir einen Rabatt von 10%.<\/li>\n<li>10% Rabatt gibt es f\u00fcr den Fall, dass sich aus einer Einrichtung (z.B. Logop\u00e4diepraxis) mehrere Teilnehmer anmelden.<\/li>\n<li>Rentnern, Alleinerziehenden und Arbeitslosen, die keine F\u00f6rderung bekommen, gew\u00e4hren wir 10% Rabatt.<\/li>\n<\/ol>\n<p>\u2192 Die Rabatte sind nicht kombinierbar!<\/p>\n","protected":false},"excerpt":{"rendered":"<p>Falls Sie sich f\u00fcr die berufsbegleitende Ausbildung anmelden m\u00f6chten, schreiben Sie uns am besten eine e-Mail. Wir schicken Ihnen umgehend den Ausbildungsvertrag sowie die Pr\u00fcfungsordnung zu. Um zu \u00fcberpr\u00fcfen, ob Sie die Abschl\u00fcsse nach BVL erwerben k\u00f6nnen, ben\u00f6tigen wir Ihren Lebenslauf und die Kopien der relevanten Zeugnisse. Kosten der einzelnen Abschl\u00fcsse Angestrebter Abschluss Kosten Pr\u00fcfungsgeb\u00fchr &hellip; <a href=\"https:\/\/www.legatrain.de\/akad\/anmeldung-und-kosten-bvl-ausbildung\/\" class=\"more-link\"><span class=\"screen-reader-text\">\u201eAnmeldung und Kosten\u201c<\/span> weiterlesen<\/a><\/p>\n","protected":false},"author":3,"featured_media":0,"parent":0,"menu_order":0,"comment_status":"closed","ping_status":"open","template":"","meta":{"footnotes":""},"class_list":["post-1569","page","type-page","status-publish","hentry"],"_links":{"self":[{"href":"https:\/\/www.legatrain.de\/akad\/wp-json\/wp\/v2\/pages\/1569"}],"collection":[{"href":"https:\/\/www.legatrain.de\/akad\/wp-json\/wp\/v2\/pages"}],"about":[{"href":"https:\/\/www.legatrain.de\/akad\/wp-json\/wp\/v2\/types\/page"}],"author":[{"embeddable":true,"href":"https:\/\/www.legatrain.de\/akad\/wp-json\/wp\/v2\/users\/3"}],"replies":[{"embeddable":true,"href":"https:\/\/www.legatrain.de\/akad\/wp-json\/wp\/v2\/comments?post=1569"}],"version-history":[{"count":11,"href":"https:\/\/www.legatrain.de\/akad\/wp-json\/wp\/v2\/pages\/1569\/revisions"}],"predecessor-version":[{"id":2779,"href":"https:\/\/www.legatrain.de\/akad\/wp-json\/wp\/v2\/pages\/1569\/revisions\/2779"}],"wp:attachment":[{"href":"https:\/\/www.legatrain.de\/akad\/wp-json\/wp\/v2\/media?parent=1569"}],"curies":[{"name":"wp","href":"https:\/\/api.w.org\/{rel}","templated":true}]}}