{"id":254,"date":"2011-05-25T13:16:19","date_gmt":"2011-05-25T12:16:19","guid":{"rendered":"http:\/\/www.legatrain.de\/akad\/?page_id=254"},"modified":"2014-11-04T10:58:03","modified_gmt":"2014-11-04T09:58:03","slug":"ausbildung-zum-legasthenie-dyslexietherapeuten","status":"publish","type":"page","link":"https:\/\/www.legatrain.de\/akad\/ausbildung-zum-legasthenie-dyslexietherapeuten\/","title":{"rendered":"Ausbildung zum Legasthenietherapeuten"},"content":{"rendered":"<p>Im Laufe der Ausbildung werden nicht nur theoretische Kenntnisse zu Legasthenie vermittelt, sondern die gesamte Behandlungsmethode weitergegeben, durch die den Betroffenen in unseren Legatrain-Praxen seit \u00fcber 10 Jahren sehr erfolgreich geholfen wird.<br \/>\n[youtube_sc url=&#8220;0vG8isucxyk&#8220; title=&#8220;Akademie%20f\u00fcr%20Legasthenie-%20und%20Dyskalkulietherapie&#8220; width=&#8220;600&#8243; color=&#8220;white&#8220; theme=&#8220;light&#8220; autohide=&#8220;1&#8243; rel=&#8220;0&#8243;]<br \/>\nDie ganzheitliche Methode umfasst die F\u00f6rderung der legasthenen Menschen und schlie\u00dft folgende Bereiche ein: Konzentration, Wahrnehmung, Symptom, psychische Stabilit\u00e4t. Unter der Arbeit am Symptom versteht sich die eigentliche Lese-, Rechtschreib- oder Rechenf\u00f6rderung. N\u00e4heres zum <a title=\"Legasthenietherapeut\" href=\"http:\/\/www.legatrain.de\/akad\/?page_id=73\">Berufsbild eines Legasthenietherapeuten finden sie hier.<\/a><\/p>\n<h3><\/h3>\n","protected":false},"excerpt":{"rendered":"<p>Im Laufe der Ausbildung werden nicht nur theoretische Kenntnisse zu Legasthenie vermittelt, sondern die gesamte Behandlungsmethode weitergegeben, durch die den Betroffenen in unseren Legatrain-Praxen seit \u00fcber 10 Jahren sehr erfolgreich geholfen wird. [youtube_sc url=&#8220;0vG8isucxyk&#8220; title=&#8220;Akademie%20f\u00fcr%20Legasthenie-%20und%20Dyskalkulietherapie&#8220; width=&#8220;600&#8243; color=&#8220;white&#8220; theme=&#8220;light&#8220; autohide=&#8220;1&#8243; rel=&#8220;0&#8243;] Die ganzheitliche Methode umfasst die F\u00f6rderung der legasthenen Menschen und schlie\u00dft folgende Bereiche ein: Konzentration, &hellip; <a href=\"https:\/\/www.legatrain.de\/akad\/ausbildung-zum-legasthenie-dyslexietherapeuten\/\" class=\"more-link\"><span class=\"screen-reader-text\">\u201eAusbildung zum Legasthenietherapeuten\u201c<\/span> weiterlesen<\/a><\/p>\n","protected":false},"author":3,"featured_media":0,"parent":0,"menu_order":0,"comment_status":"open","ping_status":"open","template":"","meta":{"footnotes":""},"class_list":["post-254","page","type-page","status-publish","hentry"],"_links":{"self":[{"href":"https:\/\/www.legatrain.de\/akad\/wp-json\/wp\/v2\/pages\/254"}],"collection":[{"href":"https:\/\/www.legatrain.de\/akad\/wp-json\/wp\/v2\/pages"}],"about":[{"href":"https:\/\/www.legatrain.de\/akad\/wp-json\/wp\/v2\/types\/page"}],"author":[{"embeddable":true,"href":"https:\/\/www.legatrain.de\/akad\/wp-json\/wp\/v2\/users\/3"}],"replies":[{"embeddable":true,"href":"https:\/\/www.legatrain.de\/akad\/wp-json\/wp\/v2\/comments?post=254"}],"version-history":[{"count":18,"href":"https:\/\/www.legatrain.de\/akad\/wp-json\/wp\/v2\/pages\/254\/revisions"}],"predecessor-version":[{"id":1563,"href":"https:\/\/www.legatrain.de\/akad\/wp-json\/wp\/v2\/pages\/254\/revisions\/1563"}],"wp:attachment":[{"href":"https:\/\/www.legatrain.de\/akad\/wp-json\/wp\/v2\/media?parent=254"}],"curies":[{"name":"wp","href":"https:\/\/api.w.org\/{rel}","templated":true}]}}