{"id":307,"date":"2011-07-04T10:47:54","date_gmt":"2011-07-04T08:47:54","guid":{"rendered":"http:\/\/www.legatrain.de\/akad\/?page_id=307"},"modified":"2015-02-12T17:18:52","modified_gmt":"2015-02-12T16:18:52","slug":"rechtschreibstrategien-fur-rechtschreibschwache-kinder-in-der-praxis-anwenden","status":"publish","type":"page","link":"https:\/\/www.legatrain.de\/akad\/rechtschreibstrategien-fur-rechtschreibschwache-kinder-in-der-praxis-anwenden\/","title":{"rendered":"Rechtschreibtraining nach der Legatrain-Methode"},"content":{"rendered":"<p>Lese- Rechtschreibst\u00f6rung oder isolierte Rechtschreibst\u00f6rung, die auch als Legasthenie oder Dyslexie bekannt sind, bereiten sehr vielen Kindern, Jugendlichen und Erwachsenen Probleme. Personen, die an einer Legasthenie leiden, k\u00f6nnen weder die L\u00e4nge des Vokals, noch harte von weichen Konsonanten unterscheiden. Sie haben <strong>Schwierigkeiten<\/strong> bei der Dehnung, Doppelung, Sch\u00e4rfung, sowie Gro\u00df- und Kleinschreibung und in vielen anderen Rechtschreibbereichen. Das viele \u00dcben zu Hause bringt keine Erfolge. Den Betroffenen kann jedoch erfahrungsgem\u00e4\u00df geholfen werden, indem man ihnen auf eine bestimmte Weise, z. B. durch das Legatrain-Legehaus, -Legekarten oder Mind-Maps, einfache Rechtschreibstrategien vermittelt. Diese zeigen wir Lehrern, Therapeuten oder Legasthenietrainern gerne bei unserem Workshop.<\/p>\n<p>Das<strong>\u00a0<a href=\"http:\/\/www.legatrain.de\/akad\/wp-content\/uploads\/2011\/01\/anmeldeformular-workshop.pdf\">Anmeldeformular finden Sie hier zum Download<\/a>.<\/strong>\u00a0Unsere Adresse finden Sie unter\u00a0<a title=\"Kontakt\" href=\"http:\/\/www.legatrain.de\/akad\/?page_id=104\"><strong>Kontakt<\/strong><\/a>.<\/p>\n","protected":false},"excerpt":{"rendered":"<p>Lese- Rechtschreibst\u00f6rung oder isolierte Rechtschreibst\u00f6rung, die auch als Legasthenie oder Dyslexie bekannt sind, bereiten sehr vielen Kindern, Jugendlichen und Erwachsenen Probleme. Personen, die an einer Legasthenie leiden, k\u00f6nnen weder die L\u00e4nge des Vokals, noch harte von weichen Konsonanten unterscheiden. Sie haben Schwierigkeiten bei der Dehnung, Doppelung, Sch\u00e4rfung, sowie Gro\u00df- und Kleinschreibung und in vielen anderen &hellip; <a href=\"https:\/\/www.legatrain.de\/akad\/rechtschreibstrategien-fur-rechtschreibschwache-kinder-in-der-praxis-anwenden\/\" class=\"more-link\"><span class=\"screen-reader-text\">\u201eRechtschreibtraining nach der Legatrain-Methode\u201c<\/span> weiterlesen<\/a><\/p>\n","protected":false},"author":3,"featured_media":0,"parent":0,"menu_order":0,"comment_status":"open","ping_status":"open","template":"","meta":{"footnotes":""},"class_list":["post-307","page","type-page","status-publish","hentry"],"_links":{"self":[{"href":"https:\/\/www.legatrain.de\/akad\/wp-json\/wp\/v2\/pages\/307"}],"collection":[{"href":"https:\/\/www.legatrain.de\/akad\/wp-json\/wp\/v2\/pages"}],"about":[{"href":"https:\/\/www.legatrain.de\/akad\/wp-json\/wp\/v2\/types\/page"}],"author":[{"embeddable":true,"href":"https:\/\/www.legatrain.de\/akad\/wp-json\/wp\/v2\/users\/3"}],"replies":[{"embeddable":true,"href":"https:\/\/www.legatrain.de\/akad\/wp-json\/wp\/v2\/comments?post=307"}],"version-history":[{"count":8,"href":"https:\/\/www.legatrain.de\/akad\/wp-json\/wp\/v2\/pages\/307\/revisions"}],"predecessor-version":[{"id":1690,"href":"https:\/\/www.legatrain.de\/akad\/wp-json\/wp\/v2\/pages\/307\/revisions\/1690"}],"wp:attachment":[{"href":"https:\/\/www.legatrain.de\/akad\/wp-json\/wp\/v2\/media?parent=307"}],"curies":[{"name":"wp","href":"https:\/\/api.w.org\/{rel}","templated":true}]}}