{"id":311,"date":"2011-07-04T10:51:36","date_gmt":"2011-07-04T08:51:36","guid":{"rendered":"http:\/\/www.legatrain.de\/akad\/?page_id=311"},"modified":"2014-06-06T14:32:18","modified_gmt":"2014-06-06T13:32:18","slug":"wahrnehmungstraining-fur-legasthene-kinder","status":"publish","type":"page","link":"https:\/\/www.legatrain.de\/akad\/wahrnehmungstraining-fur-legasthene-kinder\/","title":{"rendered":"Wahrnehmungstraining f\u00fcr legasthene Kinder"},"content":{"rendered":"<p>Dass eine gest\u00f6rte Wahrnehmung eine der m\u00f6glichen Ursachen einer Lese-, Rechtschreib- oder Rechenst\u00f6rung sein kann, beweisen unz\u00e4hlige wissenschaftliche Untersuchungen (vgl. Schulte-K\u00f6rne, Fischer, Tallal u.a.). Die Praxis zeigt: Werden <strong>bestimmte Wahrnehmungsbereiche<\/strong>, wie auditives oder visuelles Ged\u00e4chtnis, Differenzierung oder Serialit\u00e4t gezielt trainiert und dabei gleichzeitig am Symptom gearbeitet, k\u00f6nnen Sch\u00fcler ihre Rechtschreib-, Lese- oder Rechenprobleme erfolgreich \u00fcberwinden. In unserer Praxis wurden <strong>sehr viele \u00dcbungen<\/strong> f\u00fcr das Trainieren bestimmter Sinnesbereiche sowie Fein- und Grobmotorik entwickelt. Diese w\u00fcrden wir gerne an Sie weitergeben. Alle dieser \u00dcbungen sind gleichzeitig auch Konzentrations- und Aufmerksamkeits\u00fcbungen. Sie sind in der Einzeltherapie sowie im F\u00f6rderunterricht in der Schule einsetzbar.<\/p>\n","protected":false},"excerpt":{"rendered":"<p>Dass eine gest\u00f6rte Wahrnehmung eine der m\u00f6glichen Ursachen einer Lese-, Rechtschreib- oder Rechenst\u00f6rung sein kann, beweisen unz\u00e4hlige wissenschaftliche Untersuchungen (vgl. Schulte-K\u00f6rne, Fischer, Tallal u.a.). Die Praxis zeigt: Werden bestimmte Wahrnehmungsbereiche, wie auditives oder visuelles Ged\u00e4chtnis, Differenzierung oder Serialit\u00e4t gezielt trainiert und dabei gleichzeitig am Symptom gearbeitet, k\u00f6nnen Sch\u00fcler ihre Rechtschreib-, Lese- oder Rechenprobleme erfolgreich \u00fcberwinden. &hellip; <a href=\"https:\/\/www.legatrain.de\/akad\/wahrnehmungstraining-fur-legasthene-kinder\/\" class=\"more-link\"><span class=\"screen-reader-text\">\u201eWahrnehmungstraining f\u00fcr legasthene Kinder\u201c<\/span> weiterlesen<\/a><\/p>\n","protected":false},"author":3,"featured_media":0,"parent":0,"menu_order":0,"comment_status":"open","ping_status":"open","template":"","meta":{"footnotes":""},"class_list":["post-311","page","type-page","status-publish","hentry"],"_links":{"self":[{"href":"https:\/\/www.legatrain.de\/akad\/wp-json\/wp\/v2\/pages\/311"}],"collection":[{"href":"https:\/\/www.legatrain.de\/akad\/wp-json\/wp\/v2\/pages"}],"about":[{"href":"https:\/\/www.legatrain.de\/akad\/wp-json\/wp\/v2\/types\/page"}],"author":[{"embeddable":true,"href":"https:\/\/www.legatrain.de\/akad\/wp-json\/wp\/v2\/users\/3"}],"replies":[{"embeddable":true,"href":"https:\/\/www.legatrain.de\/akad\/wp-json\/wp\/v2\/comments?post=311"}],"version-history":[{"count":10,"href":"https:\/\/www.legatrain.de\/akad\/wp-json\/wp\/v2\/pages\/311\/revisions"}],"predecessor-version":[{"id":1340,"href":"https:\/\/www.legatrain.de\/akad\/wp-json\/wp\/v2\/pages\/311\/revisions\/1340"}],"wp:attachment":[{"href":"https:\/\/www.legatrain.de\/akad\/wp-json\/wp\/v2\/media?parent=311"}],"curies":[{"name":"wp","href":"https:\/\/api.w.org\/{rel}","templated":true}]}}

Wahrnehmungstraining für legasthene Kinder

<p>Dass eine gestörte Wahrnehmung eine der möglichen Ursachen einer Lese-, Rechtschreib- oder Rechenstörung sein kann, beweisen unzählige wissenschaftliche Untersuchungen (vgl. Schulte-Körne, Fischer, Tallal u.a.). Die Praxis zeigt: Werden <strong>bestimmte Wahrnehmungsbereiche</strong>, wie auditives oder visuelles Gedächtnis, Differenzierung oder Serialität gezielt trainiert und dabei gleichzeitig am Symptom gearbeitet, können Schüler ihre Rechtschreib-, Lese- oder Rechenprobleme erfolgreich überwinden. In unserer Praxis wurden <strong>sehr viele Übungen</strong> für das Trainieren bestimmter Sinnesbereiche sowie Fein- und Grobmotorik entwickelt. Diese würden wir gerne an Sie weitergeben. Alle dieser Übungen sind gleichzeitig auch Konzentrations- und Aufmerksamkeitsübungen. Sie sind in der Einzeltherapie sowie im Förderunterricht in der Schule einsetzbar.</p>

<p>Dass eine gestörte Wahrnehmung eine der möglichen Ursachen einer Lese-, Rechtschreib- oder Rechenstörung sein kann, beweisen unzählige wissenschaftliche Untersuchungen (vgl. Schulte-Körne, Fischer, Tallal u.a.). Die Praxis zeigt: Werden bestimmte Wahrnehmungsbereiche, wie auditives oder visuelles Gedächtnis, Differenzierung oder Serialität gezielt trainiert und dabei gleichzeitig am Symptom gearbeitet, können Schüler ihre Rechtschreib-, Lese- oder Rechenprobleme erfolgreich überwinden. &hellip; <a href="https://www.legatrain.de/akad/wahrnehmungstraining-fur-legasthene-kinder/" class="more-link"><span class="screen-reader-text">„Wahrnehmungstraining für legasthene Kinder“</span> weiterlesen</a></p>
