{"id":48,"date":"2011-01-31T16:40:35","date_gmt":"2011-01-31T15:40:35","guid":{"rendered":"http:\/\/www.legatrain.de\/akad\/?page_id=48"},"modified":"2022-10-06T10:35:56","modified_gmt":"2022-10-06T09:35:56","slug":"seminare","status":"publish","type":"page","link":"https:\/\/www.legatrain.de\/akad\/seminare\/","title":{"rendered":"Weiterbildung: Workshops f\u00fcr Legasthenie und Dyskalkulie"},"content":{"rendered":"<p>Wir bieten Fortbildungen bzw. Seminare online an. Die Workshops richten sich an Lehrer, Therapeuten und alle, die mit von Legasthenie oder Dyskalkulie betroffenen Menschen zu tun haben, und finden immer samstags von <strong>10-16.10<\/strong> Uhr statt.<br \/>\nZu jedem Workshop bekommen Sie ein <strong>ausf\u00fchrliches Skript per Post <\/strong>(sowie die Pr\u00e4sentation und ein <strong>Zertifikat<\/strong> als PDF per e-Mail). Die Teilnehmerzahl liegt i.d.R. bei 8-12 Teilnehmern, somit k\u00f6nnen wir stets auf Ihre Fragen eingehen.<\/p>\n<p><strong>Im Schuljahr 2022\/2023 finden wieder Online-Workshops statt.<\/strong><\/p>\n<ul>\n<li><a title=\"Wahrnehmungstraining f\u00fcr legasthene Kinder\" href=\"http:\/\/www.legatrain.de\/akad\/?page_id=311\">Wahrnehmungstraining f\u00fcr legasthene Kinder<\/a>:\u00a0 <strong>15.10.2022<\/strong><\/li>\n<li><a title=\"Lesetraining f\u00fcr Sch\u00fcler mit LRS oder Legasthenie\" href=\"http:\/\/www.legatrain.de\/akad\/?page_id=304\">Lesetraining f\u00fcr Sch\u00fcler mit LRS oder Legasthenie<\/a>: <strong>19.11.2022<\/strong><\/li>\n<li><a title=\"Rechtschreibstrategien f\u00fcr rechtschreibschwache Kinder in der Praxis anwenden\" href=\"http:\/\/www.legatrain.de\/akad\/?page_id=307\">Rechtschreibstrategien f\u00fcr rechtschreibschwache Kinder in der Praxis anwenden<\/a>:<strong> 14.01.2023<\/strong><\/li>\n<li><a title=\"Rechenst\u00f6rung \u2013 Dyskalkulie. Erkennen und richtig behandeln.\" href=\"http:\/\/www.legatrain.de\/akad\/?page_id=309\">Rechenst\u00f6rung &#8211; Dyskalkulie. Erkennen und richtig behandeln<\/a>: <strong>11.02.2023<\/strong><\/li>\n<\/ul>\n<p>F\u00fcr den jeweils n\u00e4chsten Workshop k\u00f6nnen Sie sich bei dem <a href=\"https:\/\/legatrain-verlag.de\/shop\/workshop-wahrnehmungstraining-legasthenie\/\" target=\"_blank\" rel=\"noopener\">Legatrain-Verlag direkt anmelden.<\/a><\/p>\n<h4>Um eine schriftliche Anmeldung wird gebeten. <a href=\"https:\/\/www.legatrain.de\/akad\/wp-content\/uploads\/2022\/10\/anmeldeformular-workshop-zoom.pdf\">Das<strong> Anmeldeformular finden Sie hier.<\/strong><\/a><\/h4>\n<p>Die Workshops finden online \u00fcber Zoom statt. <span style=\"line-height: 22.3999996185303px;\">Die<strong> Teilnahmegeb\u00fchr<\/strong> betr\u00e4gt <strong>130\u20ac<\/strong>. Im Paket kosten die vier Workshops <strong>490\u20ac<\/strong>.<br \/>\n<\/span><\/p>\n<p>Falls Sie gerne teilnehmen w\u00fcrden, aber zu dem angegebenen Termin nicht k\u00f6nnen, schreiben Sie uns bitte, oder <a title=\"Legatrain Newsletter\" href=\"http:\/\/eepurl.com\/ent1c\">melden Sie sich f\u00fcr den Newsletter an<\/a>, damit wir Sie \u00fcber unsere zuk\u00fcnftigen Seminare und Workshops informieren k\u00f6nnen.<\/p>\n","protected":false},"excerpt":{"rendered":"<p>Wir bieten Fortbildungen bzw. Seminare online an. Die Workshops richten sich an Lehrer, Therapeuten und alle, die mit von Legasthenie oder Dyskalkulie betroffenen Menschen zu tun haben, und finden immer samstags von 10-16.10 Uhr statt. Zu jedem Workshop bekommen Sie ein ausf\u00fchrliches Skript per Post (sowie die Pr\u00e4sentation und ein Zertifikat als PDF per e-Mail). &hellip; <a href=\"https:\/\/www.legatrain.de\/akad\/seminare\/\" class=\"more-link\"><span class=\"screen-reader-text\">\u201eWeiterbildung: Workshops f\u00fcr Legasthenie und Dyskalkulie\u201c<\/span> weiterlesen<\/a><\/p>\n","protected":false},"author":3,"featured_media":0,"parent":0,"menu_order":0,"comment_status":"open","ping_status":"open","template":"","meta":{"footnotes":""},"class_list":["post-48","page","type-page","status-publish","hentry"],"_links":{"self":[{"href":"https:\/\/www.legatrain.de\/akad\/wp-json\/wp\/v2\/pages\/48"}],"collection":[{"href":"https:\/\/www.legatrain.de\/akad\/wp-json\/wp\/v2\/pages"}],"about":[{"href":"https:\/\/www.legatrain.de\/akad\/wp-json\/wp\/v2\/types\/page"}],"author":[{"embeddable":true,"href":"https:\/\/www.legatrain.de\/akad\/wp-json\/wp\/v2\/users\/3"}],"replies":[{"embeddable":true,"href":"https:\/\/www.legatrain.de\/akad\/wp-json\/wp\/v2\/comments?post=48"}],"version-history":[{"count":64,"href":"https:\/\/www.legatrain.de\/akad\/wp-json\/wp\/v2\/pages\/48\/revisions"}],"predecessor-version":[{"id":2740,"href":"https:\/\/www.legatrain.de\/akad\/wp-json\/wp\/v2\/pages\/48\/revisions\/2740"}],"wp:attachment":[{"href":"https:\/\/www.legatrain.de\/akad\/wp-json\/wp\/v2\/media?parent=48"}],"curies":[{"name":"wp","href":"https:\/\/api.w.org\/{rel}","templated":true}]}}

Weiterbildung: Workshops für Legasthenie und Dyskalkulie

<p>Wir bieten Fortbildungen bzw. Seminare online an. Die Workshops richten sich an Lehrer, Therapeuten und alle, die mit von Legasthenie oder Dyskalkulie betroffenen Menschen zu tun haben, und finden immer samstags von <strong>10-16.10</strong> Uhr statt.<br />
Zu jedem Workshop bekommen Sie ein <strong>ausführliches Skript per Post </strong>(sowie die Präsentation und ein <strong>Zertifikat</strong> als PDF per e-Mail). Die Teilnehmerzahl liegt i.d.R. bei 8-12 Teilnehmern, somit können wir stets auf Ihre Fragen eingehen.</p>
<p><strong>Im Schuljahr 2022/2023 finden wieder Online-Workshops statt.</strong></p>
<ul>
<li><a title="Wahrnehmungstraining für legasthene Kinder" href="http://www.legatrain.de/akad/?page_id=311">Wahrnehmungstraining für legasthene Kinder</a>:  <strong>15.10.2022</strong></li>
<li><a title="Lesetraining für Schüler mit LRS oder Legasthenie" href="http://www.legatrain.de/akad/?page_id=304">Lesetraining für Schüler mit LRS oder Legasthenie</a>: <strong>19.11.2022</strong></li>
<li><a title="Rechtschreibstrategien für rechtschreibschwache Kinder in der Praxis anwenden" href="http://www.legatrain.de/akad/?page_id=307">Rechtschreibstrategien für rechtschreibschwache Kinder in der Praxis anwenden</a>:<strong> 14.01.2023</strong></li>
<li><a title="Rechenstörung – Dyskalkulie. Erkennen und richtig behandeln." href="http://www.legatrain.de/akad/?page_id=309">Rechenstörung &#8211; Dyskalkulie. Erkennen und richtig behandeln</a>: <strong>11.02.2023</strong></li>
</ul>
<p>Für den jeweils nächsten Workshop können Sie sich bei dem <a href="https://legatrain-verlag.de/shop/workshop-wahrnehmungstraining-legasthenie/" target="_blank" rel="noopener">Legatrain-Verlag direkt anmelden.</a></p>
<h4>Um eine schriftliche Anmeldung wird gebeten. <a href="https://www.legatrain.de/akad/wp-content/uploads/2022/10/anmeldeformular-workshop-zoom.pdf">Das<strong> Anmeldeformular finden Sie hier.</strong></a></h4>
<p>Die Workshops finden online über Zoom statt. <span style="line-height: 22.3999996185303px;">Die<strong> Teilnahmegebühr</strong> beträgt <strong>130€</strong>. Im Paket kosten die vier Workshops <strong>490€</strong>.<br />
</span></p>
<p>Falls Sie gerne teilnehmen würden, aber zu dem angegebenen Termin nicht können, schreiben Sie uns bitte, oder <a title="Legatrain Newsletter" href="http://eepurl.com/ent1c">melden Sie sich für den Newsletter an</a>, damit wir Sie über unsere zukünftigen Seminare und Workshops informieren können.</p>

<p>Wir bieten Fortbildungen bzw. Seminare online an. Die Workshops richten sich an Lehrer, Therapeuten und alle, die mit von Legasthenie oder Dyskalkulie betroffenen Menschen zu tun haben, und finden immer samstags von 10-16.10 Uhr statt. Zu jedem Workshop bekommen Sie ein ausführliches Skript per Post (sowie die Präsentation und ein Zertifikat als PDF per e-Mail). &hellip; <a href="https://www.legatrain.de/akad/seminare/" class="more-link"><span class="screen-reader-text">„Weiterbildung: Workshops für Legasthenie und Dyskalkulie“</span> weiterlesen</a></p>
